+ g. Is z composite?
True
Suppose 56 = 5*s + 16. Suppose -20*n = -65040 - 54140. Suppose -16239 = -s*v - n. Is v a prime number?
False
Suppose 9516 = 2*j - 5900. Suppose -m + 895 = -j. Is m a prime number?
False
Suppose -36*r = -39*r + g + 700558, 10*r - 2335230 = -4*g. Is r prime?
False
Suppose -13*m + 20 = -45. Let o(r) = 1311*r**2 - 96*r - 8. Is o(m) composite?
True
Let t = -191 - -214. Let x(d) = 6*d**2 + 8*d + 49. Is x(t) prime?
True
Let q = 78 - 38. Suppose -8 = 3*h - 0*h + 4*f, 0 = -5*h + 4*f + q. Suppose h*i - 795 = -i. Is i a prime number?
False
Let g(k) = -5*k + 30. Let j be g(4). Suppose j*r - 27978 - 29132 = 0. Is r prime?
True
Let q(t) = -2*t**3 + 17*t**2 + 7*t + 5. Let m(k) = -k**3 + 18*k**2 + 6*k + 5. Let y(s) = 7*m(s) - 6*q(s). Is y(10) a composite number?
True
Let d(x) = 213*x**2 - 18*x + 58. Let b be d(6). Let l = b + -4475. Is l composite?
True
Let q = 33 - 30. Suppose -q*b - 955 = 29. Let v = b + 869. Is v a composite number?
False
Let g(x) = -8510*x**3 - x**2 + 7*x + 7. Let r be g(-1). Let l = 14590 - r. Is l prime?
False
Is -10*(-10)/100*(10 - 5 - -374282) a prime number?
True
Let y(j) = -4*j**3 - 4*j**2 + j - 7. Let q(i) = 7*i**3 + 2*i**2 - 2*i - 3. Suppose 0 = 3*m - 8*m - 5. Let c be q(m). Is y(c) a composite number?
True
Let w = -25 + 28. Let h be 50/(w/(2 - (1 - 2))). Suppose h*y - 55*y + 1285 = 0. Is y a composite number?
False
Let h = -81 + 83. Let s be (h/(-3))/((-8)/12). Is 3 - (-2212 + s + -3) a composite number?
True
Suppose 0 = -4*s - s + 15. Suppose -48*h = -51*h + 6. Suppose -s*v + 293 = -h*v. Is v a composite number?
False
Let s(r) be the third derivative of -7*r**2 + 0 - 55/24*r**4 + 2*r + 17/3*r**3. Is s(-4) a composite number?
True
Let f(i) = 376 - 804 + 58*i + 393. Is f(13) prime?
True
Let s be 222*(17/(-51) + (-2 - -2)). Let l be 148 - (-2 - -1)*0. Let q = s + l. Is q prime?
False
Suppose 26 = 4*o + 5*v, -4*v + 0*v + 8 = 0. Suppose 5*l - 6888 = -3*u, -4*u + o*l = -l - 9149. Is u a prime number?
False
Suppose -5*h = 15, 3*y + 9 = 5*h - 9*h. Let v be (7 - 6)*(y - -190). Suppose -193*o + v*o = -14854. Is o prime?
False
Let u(n) = 25511*n**3 - 2*n**2 - 5*n + 7. Is u(1) composite?
True
Let c = 115 - -225. Let m = c - -797. Suppose 0 = v + f - 247, 4*v - f - m + 129 = 0. Is v a prime number?
True
Let i = 31 - 32. Let u be (-10392)/(-4) + i + 0. Suppose -7*m + u = -476. Is m composite?
False
Let z(n) be the third derivative of 0 - 37*n**2 + 0*n - 25/6*n**3 + 1/4*n**4. Is z(19) a composite number?
False
Suppose -p = 2*u - 1342, -3*p - 2*u + 4031 = -u. Let j = p + -713. Is j a prime number?
True
Is (0 + 34127/(-6))/(-9 + (-1186)/(-132)) composite?
True
Suppose 3*o - 4*p - 204 = 0, -3*o + 128 = 2*p - 58. Let z(l) = 265*l**2 - l + 1. Let b be z(1). Suppose t = b - o. Is t prime?
False
Suppose 13*x + 145884 = 16*x + 3*w, 12*x = 2*w + 583550. Is x prime?
False
Let h be (-150)/15 + -2 + 7 - 1401. Let o = h - -3723. Is o composite?
True
Let o(z) = 19*z**2 - 109*z - 1659. Is o(-20) a composite number?
True
Let y = -1868 + 738. Let f = y - -1713. Is f prime?
False
Let b(j) = 93*j**2 - 31*j + 5. Let r be b(11). Suppose 2*d = 6, -9*i + r = -6*i - 2*d. Is i composite?
True
Suppose 5*u = -15, 2*k + 74*u - 71*u - 221333 = 0. Is k a composite number?
True
Suppose 23*s + 24057 = 24*s + 4*a, -3*s - 4*a = -72163. Is s prime?
False
Suppose 0 = -3*t - t - 5*k + 10, 2*t = k + 12. Suppose 0*c = t*c - 1270. Is c composite?
True
Suppose 113*s = 107*s + 6. Is (-4)/8*1/(s/(-1942)) a composite number?
False
Let y be 4/(-6) + (-3)/((-27)/60). Suppose 5 = -y*z + 35. Suppose -38 = -z*n - 5*a + 462, -4*n = a - 385. Is n a prime number?
False
Suppose 0 = 4*h + h - 10. Suppose 0 = h*d + 4*s - 498, -2*d + 5*s = -599 + 146. Suppose -32*f - d = -33*f. Is f composite?
False
Suppose 0*o = 3*o - 429. Let g = 133 - o. Is (467/(-2))/(g/220) composite?
True
Suppose 25*x = -19*x + 303028. Is x prime?
False
Let l(x) = 37*x**3 + 3*x**2 - 3*x + 17. Let o be l(6). Suppose -4*b + 3*k = -6473, -o = -b - 4*b - 4*k. Is b composite?
False
Suppose -2*y - 2*f + 14 = 0, 4*y + 11 = 5*y + 2*f. Is 1294/6 + y + (-55)/15 a composite number?
True
Let j(z) = -2*z**3 - 16*z**2 - 33. Suppose -23 = 3*f - 4*s, -3 = -f + 3*s - 4. Is j(f) prime?
True
Let f be 2*3/(-6) - -88381. Let t be (1 - 1) + f/6. Suppose 3*y - 22103 = m, 2*y + m = 3*m + t. Is y composite?
False
Is ((-14906)/4 + (24 - 23))*-2 a composite number?
False
Let l(o) = 3*o**2 + 3*o + 2. Let y be l(-1). Suppose -y*q - 3*z + 72 = 272, 0 = -z + 2. Let n = 294 + q. Is n prime?
True
Let i = -54 - -51. Let o be (-3 + (1 - (i + 2)))*-188. Suppose 2 = 2*d, g - 68 = -5*d + o. Is g prime?
True
Suppose -24*c - 2205 = 7611. Let f = c - -911. Is f a composite number?
True
Let c be 2 - (2 - 2) - -2. Suppose -c*z + 5 = -15, -5*z = -3*t + 29. Suppose -t = 3*n - 51. Is n a composite number?
False
Let k(s) = 5*s + 85. Let o be 14 + 0/(4/2). Is k(o) prime?
False
Let a be 14/8 + -2 - (-13)/4. Suppose -a*j = -j - 1000. Is (j - -5)/((-4)/(-4)) a composite number?
True
Let o(i) = i**2 + 6*i + 4. Let b be o(-7). Suppose 3 - 3 = b*f. Suppose f = 3*k - h - 107 - 248, 3*k - 356 = 2*h. Is k prime?
False
Let h = 273802 - 193151. Is h a composite number?
False
Let d(g) = -226*g**2 - 2*g + 3. Let s be d(-3). Suppose 868 - 5452 = 12*m. Let x = m - s. Is x a prime number?
False
Let x(s) = -239*s**3 + 5*s**2 + 10*s - 47. Is x(-11) a prime number?
True
Let m(j) = 45*j - 114. Let d be m(6). Suppose -g + 1211 = -d. Is g prime?
True
Is (-5*(-2)/(-4))/(104/208) - -27343 a prime number?
False
Let j = 4202 + -1912. Suppose 0 = -5*m - 4*b + 21237 - j, -2*m + 4*b = -7562. Is m prime?
False
Let p(q) = -q**2 - 50*q + 163. Let w be p(3). Suppose 0 = -w*d + 4, -54410 = -5*b - 3*d + 8*d. Is b a composite number?
False
Is (-534266)/(-5) + (-177)/885 a composite number?
False
Suppose -13*k + 70 = 5. Suppose -a + 2*l - 811 + 2312 = 0, a + k*l = 1522. Is a a prime number?
False
Let i(k) be the third derivative of 4/3*k**3 + 1/12*k**4 - 1/20*k**6 - 1/20*k**5 + 0*k + 0 + 11*k**2. Is i(-5) prime?
True
Suppose 16*z = 570508 + 111844. Is z prime?
False
Is 93975/20 - (189/(-36) - -5) prime?
False
Let i = -62 - -78. Let z be (-2)/i*58 - (-2)/8. Let c(m) = 15*m**2 + 16*m + 12. Is c(z) a prime number?
False
Let c(j) be the second derivative of j**4/12 + 17*j**3/6 + 33*j**2/2 + 122*j. Is c(-20) a composite number?
True
Suppose 4*h - 6 = -3*v + 33, v = -h + 14. Suppose -4*d + v = -5*t - 15, 2*t - 2*d = -12. Let c(z) = 10*z**2 + 19*z + 11. Is c(t) a composite number?
False
Let r = -25648 + 182115. Is r a composite number?
False
Suppose 18*q = -207188 - 392608. Is 8*(-8)/(-384) - q/12 prime?
True
Let n be 976*(4 - 28/8). Let o = n - -57. Let d = o + 146. Is d prime?
True
Let c = 106872 - -102779. Is c prime?
False
Let i be ((-2)/4)/((-13)/520). Suppose -13*p = -9*p - i. Suppose -p*n - 4*b + 519 = 0, 0 = -3*n - 2*n - 5*b + 520. Is n composite?
False
Suppose 3*h + 48 = 3*y - 2*y, 144 = 3*y - 4*h. Suppose -42*k + y*k = 19506. Is k prime?
True
Let b = -269 - -272. Is (5924 - 5)*1/b a composite number?
False
Let z = -65076 + 317899. Is z a composite number?
False
Let y(s) = -s**2 + 7*s + 25. Let t be y(9). Suppose 2894 = t*j - 5*j. Suppose -3*p - 2*x + 2587 = 434, -2*p = -x - j. Is p a prime number?
False
Let j(c) = 117*c**2 - 9*c - 29. Let v(o) = 120*o**2 - 9*o - 28. Let a(s) = -6*j(s) + 7*v(s). Is a(-7) prime?
True
Let p be 2 + -4 + 3 - -589. Let b = 17 - 18. Is (4/(-8))/(b/p) composite?
True
Let u(v) be the first derivative of 3 - 31*v + 4/3*v**3 + 5/2*v**2. Is u(24) a composite number?
False
Let g(t) = 20*t - 75. Let q be g(3). Let i(c) be the third derivative of -c**5/60 - 3*c**4/2 + 10*c**3/3 - 6*c**2. Is i(q) prime?
False
Let z(w) = 15*w**2 + 63*w + 139. Is z(-12) composite?
False
Suppose -3*w = -4*l + 6*l - 90650, 3*w = 6. Suppose -17*q + 24667 = -l. Is q composite?
True
Suppose 178*r = 205*r - 238113. Is r prime?
True
Suppose 0 = -11184*k + 11175*k + 500085. Is k a composite number?
True
Suppose 4*d - 86 = 210. Let u = -48 + d. Is 2*(-111)/(-12)*u a prime number?
False
Let o be 3 + 1 + (-23)/(322/140). Is o/21 - 707334/(-42) a prime number?
False
Let w(a) = 3762*a**2 - 47*a + 92. Suppose 50 - 28 = 11*b. Is w(b) prime?
False
Let z(u) = 160*u**2 - 5*u - 12. Let c be z(-8